ainder when 153435053 is divided by 540.
533
Calculate the remainder when 21163892 is divided by 4923.
4838
Calculate the remainder when 916733 is divided by 3226.
549
Calculate the remainder when 41416615 is divided by 21.
16
What is the remainder when 1379782 is divided by 2727?
2647
Calculate the remainder when 12590952 is divided by 10389.
9873
Calculate the remainder when 2436685 is divided by 21.
13
Calculate the remainder when 901940 is divided by 3391.
3325
Calculate the remainder when 9247289 is divided by 4063.
3964
What is the remainder when 728199079 is divided by 2890?
2889
What is the remainder when 104374 is divided by 6958?
4
What is the remainder when 4741532 is divided by 1915?
1907
What is the remainder when 1959540 is divided by 391892?
80
Calculate the remainder when 797580 is divided by 3152.
124
What is the remainder when 18183750 is divided by 9?
6
What is the remainder when 230288526 is divided by 556?
554
Calculate the remainder when 110803482 is divided by 2788.
2786
Calculate the remainder when 3512623 is divided by 5330.
153
Calculate the remainder when 494237 is divided by 18289.
434
What is the remainder when 197591 is divided by 144?
23
Calculate the remainder when 413613 is divided by 204513.
4587
What is the remainder when 1768845 is divided by 9165?
0
What is the remainder when 264832 is divided by 66165?
172
Calculate the remainder when 23405776 is divided by 144.
16
Calculate the remainder when 20411500 is divided by 1570109.
83
What is the remainder when 426528 is divided by 688?
656
Calculate the remainder when 466815 is divided by 6143.
6090
What is the remainder when 34101760 is divided by 2524?
2520
Calculate the remainder when 1961165 is divided by 1235.
1220
Calculate the remainder when 2748809 is divided by 1887.
1337
What is the remainder when 5922042 is divided by 1479?
126
Calculate the remainder when 449505 is divided by 210.
105
Calculate the remainder when 45163730 is divided by 6536.
6506
Calculate the remainder when 1083064 is divided by 5082.
598
Calculate the remainder when 43454256 is divided by 206.
204
Calculate the remainder when 391056 is divided by 393.
21
Calculate the remainder when 197256 is divided by 5330.
46
What is the remainder when 51540899 is divided by 4337?
4328
Calculate the remainder when 1642160 is divided by 410537.
12
Calculate the remainder when 8838508 is divided by 15.
13
Calculate the remainder when 36015 is divided by 11676.
987
Calculate the remainder when 380194 is divided by 126727.
13
What is the remainder when 101168786 is divided by 19?
18
What is the remainder when 75054326 is divided by 249?
248
Calculate the remainder when 65525724 is divided by 51881.
21
What is the remainder when 32527293 is divided by 345?
3
What is the remainder when 130641008 is divided by 238396?
0
Calculate the remainder when 48841 is divided by 239.
85
What is the remainder when 1854 is divided by 1321?
533
Calculate the remainder when 761499092 is divided by 3535.
3532
Calculate the remainder when 109037693 is divided by 3239.
3236
Calculate the remainder when 116050 is divided by 10547.
33
Calculate the remainder when 7278059 is divided by 954.
947
Calculate the remainder when 445614 is divided by 485.
384
Calculate the remainder when 2032787 is divided by 338797.
5
Calculate the remainder when 41122 is divided by 10256.
98
What is the remainder when 4802020 is divided by 23086?
132
What is the remainder when 6466441 is divided by 3233172?
97
What is the remainder when 26797222 is divided by 1956?
22
What is the remainder when 143837 is divided by 544?
221
Calculate the remainder when 3649 is divided by 130.
9
Calculate the remainder when 190460 is divided by 379.
202
Calculate the remainder when 2888608 is divided by 219.
217
What is the remainder when 58668 is divided by 9089?
4134
Calculate the remainder when 29484 is divided by 4211.
7
Calculate the remainder when 2869250 is divided by 16.
2
What is the remainder when 8883230 is divided by 4441602?
26
What is the remainder when 69625 is divided by 3286?
619
Calculate the remainder when 10777 is divided by 69.
13
Calculate the remainder when 511821 is divided by 39362.
115
Calculate the remainder when 22074833 is divided by 607.
64
What is the remainder when 7141244 is divided by 649203?
11
Calculate the remainder when 698261 is divided by 116364.
77
What is the remainder when 1287044 is divided by 321666?
380
Calculate the remainder when 11179402 is divided by 108.
106
Calculate the remainder when 138995 is divided by 678.
5
Calculate the remainder when 77901 is divided by 10.
1
What is the remainder when 151870 is divided by 37961?
26
Calculate the remainder when 12209999 is divided by 330.
329
What is the remainder when 2882862 is divided by 872?
30
Calculate the remainder when 3359513 is divided by 1119792.
137
What is the remainder when 1814010 is divided by 453496?
26
Calculate the remainder when 755728 is divided by 1555.
1553
Calculate the remainder when 511862 is divided by 3907.
45
Calculate the remainder when 256493 is divided by 10128.
3293
What is the remainder when 149999371 is divided by 94?
93
Calculate the remainder when 118216062 is divided by 59108024.
14
What is the remainder when 2509640 is divided by 167305?
65
What is the remainder when 631073 is divided by 27315?
2828
What is the remainder when 147626 is divided by 363?
248
What is the remainder when 5536368 is divided by 369091?
3
What is the remainder when 161846 is divided by 7060?
6526
Calculate the remainder when 183595 is divided by 3516.
763
Calculate the remainder when 34985 is divided by 6634.
1815
What is the remainder when 142883 is divided by 1442?
125
What is the remainder when 688505 is divided by 754?
103
What is the remainder when 13517785 is divided by 165?
160
What is the remainder when 32879 is divided by 938?
49
Calculate the remainder when 385887 is divided by 5748.
771
Calculate the remainder when 2591779 is divided by 46.
1
Calculate the remainder when 620862162 is divided by 10395.
10392
Calculate the remainder when 17287219 is divided by 211.
200
Calculate the remainder when 3241408 is divided by 222.
208
What is the remainder when 143546713 is divided by 35886674?
17
What is the remainder when 7173743 is divided by 362?
351
Calculate the remainder when 281556 is divided by 786.
168
Calculate the remainder when 263575333 is divided by 11.
10
What is the remainder when 13414006 is divided by 18?
10
Calculate the remainder when 19290910 is divided by 30767.
1
Calculate the remainder when 688823 is divided by 3058.
773
What is the remainder when 1037008 is divided by 72?
64
What is the remainder when 1396181 is divided by 32465?
186
Calculate the remainder when 9726482 is divided by 9726408.
74
What is the remainder when 3294179 is divided by 11599?
63
What is the remainder when 7255884 is divided by 192?
12
Calculate the remainder when 12235738 is divided by 1757.
1747
What is the remainder when 188365 is divided by 61933?
2566
Calculate the remainder when 109860 is divided by 84.
72
What is the remainder when 27862 is divided by 13928?
6
What is the remainder when 208941743 is divided by 22?
21
What is the remainder when 118469006 is divided by 4592?
4590
What is the remainder when 6808386 is divided by 2119?
39
Calculate the remainder when 3660820 is divided by 32.
20
What is the remainder when 18609902 is divided by 573?
8
What is the remainder when 1542204 is divided by 3102?
510
Calculate the remainder when 18030466 is divided by 18030450.
16
Calculate the remainder when 2627565 is divided by 1479.
861
Calculate the remainder when 898562 is divided by 224417.
894
What is the remainder when 45271 is divided by 707?
23
What is the remainder when 323446 is divided by 161692?
62
Calculate the remainder when 58149768 is divided by 5032.
5008
Calculate the remainder when 461654 is divided by 219.
2
What is the remainder when 699177 is divided by 699045?
132
Calculate the remainder when 596324 is divided by 143.
14
What is the remainder when 19706451 is divided by 2341?
2254
What is the remainder when 36193344 is divided by 685?
684
What is the remainder when 5400343 is divided by 801?
1
Calculate the remainder when 22641 is